Last updated on 2025-11-02 02:50:39 CET.
| Flavor | Version | Tinstall | Tcheck | Ttotal | Status | Flags |
|---|---|---|---|---|---|---|
| r-devel-linux-x86_64-debian-clang | 2.1-0 | 2.20 | 33.33 | 35.53 | NOTE | |
| r-devel-linux-x86_64-debian-gcc | 2.1-0 | 1.77 | 27.13 | 28.90 | NOTE | |
| r-devel-linux-x86_64-fedora-clang | 2.1-0 | 51.63 | OK | |||
| r-devel-linux-x86_64-fedora-gcc | 2.1-0 | 63.28 | OK | |||
| r-devel-windows-x86_64 | 2.1-0 | 4.00 | 70.00 | 74.00 | OK | |
| r-patched-linux-x86_64 | 2.1-0 | 2.11 | 31.99 | 34.10 | OK | |
| r-release-linux-x86_64 | 2.1-0 | 1.92 | 32.39 | 34.31 | OK | |
| r-release-macos-arm64 | 2.1-0 | 2.00 | 33.00 | 35.00 | OK | |
| r-release-macos-x86_64 | 2.1-0 | 3.00 | 67.00 | 70.00 | OK | |
| r-release-windows-x86_64 | 2.1-0 | 3.00 | 69.00 | 72.00 | OK | |
| r-oldrel-macos-arm64 | 2.1-0 | 1.00 | 29.00 | 30.00 | OK | |
| r-oldrel-macos-x86_64 | 2.1-0 | 2.00 | 90.00 | 92.00 | OK | |
| r-oldrel-windows-x86_64 | 2.1-0 | 4.00 | 73.00 | 77.00 | OK |
Version: 2.1-0
Check: CRAN incoming feasibility
Result: NOTE
Maintainer: ‘Robin K. S. Hankin <hankin.robin@gmail.com>’
No Authors@R field in DESCRIPTION.
Please add one, modifying
Authors@R: person(given = c("Robin", "K.", "S."),
family = "Hankin",
role = c("aut", "cre"),
email = "hankin.robin@gmail.com")
as necessary.
Flavors: r-devel-linux-x86_64-debian-clang, r-devel-linux-x86_64-debian-gcc