Last updated on 2025-11-12 02:52:51 CET.
| Flavor | Version | Tinstall | Tcheck | Ttotal | Status | Flags |
|---|---|---|---|---|---|---|
| r-devel-linux-x86_64-debian-clang | 2.0.5 | 12.68 | 101.89 | 114.57 | NOTE | |
| r-devel-linux-x86_64-debian-gcc | 2.0.5 | 8.51 | 75.29 | 83.80 | NOTE | |
| r-devel-linux-x86_64-fedora-clang | 2.0.5 | 44.00 | 144.71 | 188.71 | OK | |
| r-devel-linux-x86_64-fedora-gcc | 2.0.5 | 56.00 | 117.93 | 173.93 | OK | |
| r-devel-windows-x86_64 | 2.0.5 | 14.00 | 119.00 | 133.00 | OK | |
| r-patched-linux-x86_64 | 2.0.5 | 12.91 | 96.18 | 109.09 | OK | |
| r-release-linux-x86_64 | 2.0.5 | 11.11 | 96.86 | 107.97 | OK | |
| r-release-macos-arm64 | 2.0.5 | 5.00 | 43.00 | 48.00 | OK | |
| r-release-macos-x86_64 | 2.0.5 | 11.00 | 86.00 | 97.00 | OK | |
| r-release-windows-x86_64 | 2.0.5 | 15.00 | 128.00 | 143.00 | OK | |
| r-oldrel-macos-arm64 | 2.0.5 | 4.00 | 44.00 | 48.00 | NOTE | |
| r-oldrel-macos-x86_64 | 2.0.5 | 15.00 | 92.00 | 107.00 | NOTE | |
| r-oldrel-windows-x86_64 | 2.0.5 | 20.00 | 147.00 | 167.00 | NOTE |
Version: 2.0.5
Check: CRAN incoming feasibility
Result: NOTE
Maintainer: ‘Antonio Profico <antonio.profico@gmail.com>’
No Authors@R field in DESCRIPTION.
Please add one, modifying
Authors@R: c(person(given = "Antonio",
family = "Profico",
role = c("aut", "cre"),
email = "antonio.profico@gmail.com"),
person(given = "Costantino",
family = "Buzi",
role = "aut"),
person(given = "Silvia",
family = "Castiglione",
role = "aut"),
person(given = "Marina",
family = "Melchionna",
role = "aut"),
person(given = "Paolo",
family = "Piras",
role = "aut"),
person(given = "Pasquale",
family = "Raia",
role = "aut"),
person(given = "Alessio",
family = "Veneziano",
role = "aut"))
as necessary.
Flavors: r-devel-linux-x86_64-debian-clang, r-devel-linux-x86_64-debian-gcc
Version: 2.0.5
Check: installed package size
Result: NOTE
installed size is 5.4Mb
sub-directories of 1Mb or more:
data 5.1Mb
Flavors: r-oldrel-macos-arm64, r-oldrel-macos-x86_64, r-oldrel-windows-x86_64