CRAN Package Check Results for Package AF

Last updated on 2025-11-12 02:52:50 CET.

Flavor Version Tinstall Tcheck Ttotal Status Flags
r-devel-linux-x86_64-debian-clang 0.1.5 8.90 77.03 85.93 NOTE
r-devel-linux-x86_64-debian-gcc 0.1.5 6.40 68.57 74.97 NOTE
r-devel-linux-x86_64-fedora-clang 0.1.5 21.00 104.87 125.87 OK
r-devel-linux-x86_64-fedora-gcc 0.1.5 19.00 103.50 122.50 OK
r-devel-windows-x86_64 0.1.5 12.00 98.00 110.00 OK
r-patched-linux-x86_64 0.1.5 9.20 75.97 85.17 OK
r-release-linux-x86_64 0.1.5 8.19 74.87 83.06 OK
r-release-macos-arm64 0.1.5 5.00 45.00 50.00 OK
r-release-macos-x86_64 0.1.5 8.00 69.00 77.00 OK
r-release-windows-x86_64 0.1.5 11.00 80.00 91.00 OK
r-oldrel-macos-arm64 0.1.5 4.00 35.00 39.00 OK
r-oldrel-macos-x86_64 0.1.5 6.00 55.00 61.00 OK
r-oldrel-windows-x86_64 0.1.5 13.00 100.00 113.00 OK

Check Details

Version: 0.1.5
Check: CRAN incoming feasibility
Result: NOTE Maintainer: ‘Elisabeth Dahlqwist <elisabeth.dahlqwist88@gmail.com>’ No Authors@R field in DESCRIPTION. Please add one, modifying Authors@R: c(person(given = "Elisabeth", family = "Dahlqwist", role = c("aut", "cre"), email = "elisabeth.dahlqwist88@gmail.com"), person(given = "Arvid", family = "Sjolander", role = "aut")) as necessary. Flavors: r-devel-linux-x86_64-debian-clang, r-devel-linux-x86_64-debian-gcc